2 (base 10) to base 7
-112532
753 (base 12) to base 14
567
38961 (base 11) to base 8
154657
Convert -9b6 (base 15) to base 10.
-2196
What is -11760 (base 8) in base 12?
-2b54
Convert 4141 (base 6) to base 11.
771
-2310 (base 5) to base 15
-170
Convert 334045 (base 6) to base 5.
1344414
-3052 (base 9) to base 2
-100010111010
1145 (base 13) to base 10
2423
What is 1d3 (base 15) in base 12?
2b3
Convert 3ac (base 13) to base 6.
3001
Convert 682 (base 14) to base 16.
50a
Convert -5329 (base 13) to base 4.
-2310013
Convert -787 (base 9) to base 8.
-1206
Convert 1dee (base 15) to base 13.
2c7b
1322 (base 8) to base 9
882
What is 20f (base 16) in base 3?
201112
What is -11100111 (base 2) in base 3?
-22120
What is 10100001000 (base 2) in base 11?
a71
Convert -2726 (base 10) to base 4.
-222212
What is -19131 (base 15) in base 9?
-133431
What is 391 (base 10) in base 5?
3031
Convert -2012010 (base 3) to base 6.
-11220
What is -222251 (base 7) in base 2?
-1001100101000100
Convert 212120 (base 3) to base 10.
636
What is -202124 (base 5) in base 13?
-2c90
Convert -2002331 (base 4) to base 10.
-8381
Convert -4592 (base 11) to base 12.
-35a6
1004310 (base 5) to base 2
11111101001101
Convert -23c (base 15) to base 16.
-1fb
What is 165d8 (base 14) in base 2?
1101101011110010
What is -5053 (base 10) in base 15?
-176d
What is -2860 (base 10) in base 13?
-13c0
Convert a307 (base 13) to base 6.
252032
-8a6 (base 11) to base 3
-1111011
146001 (base 7) to base 15
8680
22866 (base 9) to base 2
11101110111000
Convert -330424 (base 7) to base 3.
-2221100011
Convert -11001 (base 5) to base 3.
-1000211
What is -10000011100 (base 2) in base 12?
-738
Convert -7060 (base 8) to base 14.
-1476
What is -17578 (base 10) in base 7?
-102151
-2111120 (base 3) to base 8
-3440
Convert -134142 (base 6) to base 4.
-3010232
What is 114042 (base 6) in base 12?
5922
What is 14524 (base 12) in base 13?
cc04
-2043314 (base 5) to base 8
-102641
Convert 2255 (base 6) to base 3.
201222
What is 4b4 (base 13) in base 4?
30313
-10001110100 (base 2) to base 16
-474
-111111111 (base 2) to base 9
-627
What is 10300 (base 7) in base 6?
15444
What is -3520 (base 8) in base 16?
-750
Convert 10031 (base 4) to base 2.
100001101
Convert -9ca2 (base 16) to base 5.
-2240343
What is -1002222121 (base 3) in base 12?
-10797
What is -3021 (base 8) in base 7?
-4346
Convert 11224 (base 5) to base 4.
30232
What is -610 (base 10) in base 16?
-262
Convert 750 (base 11) to base 8.
1606
What is 659 (base 10) in base 9?
812
Convert 120101202 (base 3) to base 15.
34d5
What is 7a4 (base 13) in base 4?
110211
Convert 3165 (base 7) to base 8.
2145
Convert -79299 (base 10) to base 9.
-130700
-6308 (base 9) to base 3
-20100022
100423 (base 5) to base 3
11102221
Convert 242b (base 12) to base 4.
333203
-2310230 (base 5) to base 12
-1baab
Convert -33251 (base 6) to base 9.
-6324
41523 (base 9) to base 6
330503
What is -5142 (base 7) in base 9?
-2413
What is 1451 (base 7) in base 8?
1077
Convert -43015 (base 8) to base 5.
-1033213
2bac (base 13) to base 16
18fb
1012022 (base 3) to base 8
1550
What is 11110010110001 (base 2) in base 14?
593b
-1120 (base 15) to base 2
-111000101110
Convert 1100011000 (base 2) to base 7.
2211
Convert -11010110 (base 2) to base 11.
-185
1111101100000 (base 2) to base 11
6042
Convert 1de (base 15) to base 5.
3214
328 (base 12) to base 11
392
What is 21024 (base 7) in base 8?
12053
What is -4279 (base 10) in base 3?
-12212111
What is -645 (base 8) in base 7?
-1141
What is -2a43 (base 15) in base 3?
-110102200
What is -4241 (base 5) in base 14?
-2cb
Convert 1a3a (base 14) to base 6.
34004
What is -3056 (base 12) in base 3?
-21012110
What is -24206 (base 7) in base 6?
-45022
What is 40260 (base 7) in base 6?
113040
What is afa (base 16) in base 6?
21002
Convert 31244 (base 5) to base 6.
13334
863 (base 14) to base 3
2021022
100111001010101 (base 2) to base 5
1120203
What is -1211202 (base 3) in base 16?
-53f
Convert -21022 (base 3) to base 11.
-16a
-1971 (base 12) to base 13
-1552
993 (base 10) to base 11
823
257 (base 12) to base 3
111011
126 (base 16) to base 2
100100110
What is -9014 (base 10) in base 16?
-2336
What is -1316 (base 9) in base 2?
-1111011011
What is 130 (base 14) in base 11?
1a7
-2ae (base 15) to base 13
-383
What is -5d6 (base 15) in base 9?
-1733
What is -b454 (base 16) in base 4?
-23101110
What is -431 (base 11) in base 13?
-30b
What is -145b (base 16) in base 10?
-5211
Convert -1001100200 (base 3) to base 5.
-1130143
What is 20313 (base 4) in base 13?
348
-759 (base 10) to base 4
-23313
Convert 4a (base 16) to base 2.
1001010
What is -20112131 (base 4) in base 6?
-422205
969 (base 11) to base 16
48c
What is 657 (base 10) in base 7?
1626
Convert 1399 (base 13) to base 6.
21034
Convert 11122 (base 5) to base 2.
1100010011
3345 (base 6) to base 16
311
Convert 21a (base 14) to base 3.
120102
Convert 140312 (base 7) to base 6.
322555
-21 (base 8) to base 14
-13
Convert 330 (base 14) to base 4.
21312
Convert -11a5 (base 16) to base 14.
-1909
Convert 3127 (base 10) to base 8.
6067
Convert 14331 (base 13) to base 15.
b366
-ab7 (base 16) to base 5
-41433
Convert 167 (base 13) to base 8.
376
329 (base 13) to base 7
1403
-139 (base 11) to base 6
-431
What is 726 (base 13) in base 12?
853
Convert 200 (base 9) to base 2.
10100010
-3052 (base 6) to base 8
-1250
What is 10101022 (base 3) in base 9?
3338
Convert -110010111000001 (base 2) to base 13.
-bb1a
What is 2cfa (base 16) in base 11?
8718
3740 (base 8) to base 12
1200
Convert -3351 (base 12) to base 14.
-20d7
What is 699 (base 12) in base 16?
3d5
69c (base 15) to base 5
21442
-1c6 (base 13) to base 5
-2311
3053 (base 11) to base 13
1ac8
Convert 35b (base 12) to base 10.
503
What is -3591 (base 10) in base 8?
-7007
1134401 (base 5) to base 4
11023222
Convert -23653 (base 8) to base 13.
-4812
What is 136503 (base 7) in base 5?
1320231
What is 10211 (base 4) in base 7?
566
-22011 (base 3) to base 2
-11011100
What is -1101100 (base 2) in base 14?
-7a
Convert 524a (base 12) to base 8.
21432
Convert 2533 (base 6) to base 14.
333
58a6 (base 11) to base 5
221424
-1010111000010 (base 2) to base 4
-1113002
What is 104 (base 13) in base 14?
c5
10045 (base 11) to base 8
34542
-1101111 (base 3) to base 5
-13022
What is -30c3 (base 15) in base 11?
-7821
Convert 4973 (base 11) to base 3.
22220111
Convert -13054 (base 7) to base 4.
-312031
What is 3666 (base 8) in base 16?
7b6
Convert -451 (base 7) to base 9.
-277
What is -114b (base 12) in base 4?
-132023
What is a62 (base 15) in base 2?
100100100110
Convert -34540 (base 6) to base 7.
-20310
-591 (base 11) to base 3
-222010
10110001001 (base 2) to base 16
589
What is -383 (base 11) in base 6?
-2034
57a3 (base 13) to base 3
121212121
What is -3110 (base 13) in base 15?
-2018
Convert 195 (base 14) to base 3.
110010
211222 (base 3) to base 16
26c
Convert -b6 (base 15) to base 6.
-443
What is 4060 (base 14) in base 15?
3425
-2337 (base 13) to base 14
-1b35
-22102212 (base 3) to base 2
-1100000001000
Convert -2314 (base 5) to base 4.
-11032
What is -40 (base 14) in base 6?
-132
Convert 14020 (base 5) to base 8.
2157
-1257 (base 11) to base 16
-663
What is 10220 (base 4) in base 10?
296
Convert -5217 (base 14) to base 8.
-33465
Convert -42 (base 14) to base 10.
-58
-24253 (base 10) to base 5
-1234003
Convert -128 (base 10) to base 6.
-332
Convert 1086 (base 13) to base 5.
33212
-634 (base 11) to base 6
-3311
What is 10101111111 (base 2) in base 9?
1833
What is 5446 (base 7) in base 5?
30240
-2320 (base 5) to base 2
-101001111
56d0 (base 14) to base 2
11101011100110
What is -132022 (base 4) in base 3?
-2122111
Convert 204 (base 13) to base 4.
11112
-15a5 (base 13) to base 12
-1a09
113333 (base 4) to base 13
911
Convert 1333213 (base 4) to base 7.
32545
What is -104622 (base 7) in base 15?
-5729
Convert 101000100 (base 2) to base 15.
169
Convert 16560 (base 8) to base 7.
30654
Convert 111110 (base 3) to base 11.
300
What is -122100 (base 3) in base 14?
-256
Convert -253 (base 13) to base 16.
-196
Convert 3c8b (base 14) to base 7.
43134
-4410 (base 7) to base 4
-120213
Convert 12001221 (base 3) to base 4.
321301
What is -177 (base 13) in base 6?
-1123
What is 42 (base 15) in base 12?
52
What is -10103022 (bas